Last updated on 2022-06-25 03:51:01 CEST.
Flavor | Version | Tinstall | Tcheck | Ttotal | Status | Flags |
---|---|---|---|---|---|---|
r-devel-linux-x86_64-debian-clang | 2.1.2 | 78.54 | 139.85 | 218.39 | OK | |
r-devel-linux-x86_64-debian-gcc | 2.1.2 | 61.18 | 102.49 | 163.67 | OK | |
r-devel-linux-x86_64-fedora-clang | 2.1.2 | 301.56 | OK | |||
r-devel-linux-x86_64-fedora-gcc | 2.1.2 | 282.24 | OK | |||
r-devel-windows-x86_64 | 2.1.2 | 96.00 | 187.00 | 283.00 | NOTE | |
r-patched-linux-x86_64 | 2.1.2 | 61.57 | 131.36 | 192.93 | OK | |
r-release-linux-x86_64 | 2.1.2 | 63.05 | 132.64 | 195.69 | OK | |
r-release-macos-arm64 | 2.1.2 | 61.00 | OK | |||
r-release-macos-x86_64 | 2.1.2 | 120.00 | OK | |||
r-release-windows-x86_64 | 2.1.2 | 104.00 | 182.00 | 286.00 | NOTE | |
r-oldrel-macos-arm64 | 2.1.2 | 82.00 | OK | |||
r-oldrel-macos-x86_64 | 2.1.2 | 94.00 | OK | |||
r-oldrel-windows-ix86+x86_64 | 2.1.2 | 192.00 | 267.00 | 459.00 | NOTE |
Version: 2.1.2
Check: package dependencies
Result: NOTE
Package suggested but not available for checking: 'doMC'
Flavors: r-devel-windows-x86_64, r-release-windows-x86_64, r-oldrel-windows-ix86+x86_64
Version: 2.1.2
Check: Rd cross-references
Result: NOTE
Package unavailable to check Rd xrefs: 'doMC'
Flavor: r-oldrel-windows-ix86+x86_64