Last updated on 2022-06-25 15:51:24 CEST.
Flavor | Version | Tinstall | Tcheck | Ttotal | Status | Flags |
---|---|---|---|---|---|---|
r-devel-linux-x86_64-debian-clang | 0.1.0 | 46.60 | 140.74 | 187.34 | OK | |
r-devel-linux-x86_64-debian-gcc | 0.1.0 | 38.38 | 100.08 | 138.46 | OK | |
r-devel-linux-x86_64-fedora-clang | 0.1.0 | 260.53 | WARN | |||
r-devel-linux-x86_64-fedora-gcc | 0.1.0 | 231.57 | WARN | |||
r-devel-windows-x86_64 | 0.1.0 | 48.00 | 214.00 | 262.00 | OK | |
r-patched-linux-x86_64 | 0.1.0 | 37.87 | 132.89 | 170.76 | OK | |
r-release-linux-x86_64 | 0.1.0 | 39.17 | 133.44 | 172.61 | OK | |
r-release-macos-arm64 | 0.1.0 | 67.00 | NOTE | |||
r-release-macos-x86_64 | 0.1.0 | 136.00 | NOTE | |||
r-release-windows-x86_64 | 0.1.0 | 51.00 | 218.00 | 269.00 | OK | |
r-oldrel-macos-arm64 | 0.1.0 | 76.00 | NOTE | |||
r-oldrel-macos-x86_64 | 0.1.0 | 92.00 | NOTE | |||
r-oldrel-windows-ix86+x86_64 | 0.1.0 | 117.00 | 228.00 | 345.00 | OK |
Version: 0.1.0
Check: package dependencies
Result: WARN
Requires orphaned package: ‘gtools’
Flavors: r-devel-linux-x86_64-fedora-clang, r-devel-linux-x86_64-fedora-gcc
Version: 0.1.0
Check: dependencies in R code
Result: NOTE
Namespaces in Imports field not imported from:
‘RColorBrewer’ ‘RcppProgress’ ‘rgen’
All declared Imports should be used.
Flavors: r-devel-linux-x86_64-fedora-clang, r-devel-linux-x86_64-fedora-gcc, r-release-macos-arm64, r-release-macos-x86_64, r-oldrel-macos-arm64, r-oldrel-macos-x86_64