CRAN Package Check Results for Package largeList

Last updated on 2022-10-03 15:54:01 CEST.

Flavor Version Tinstall Tcheck Ttotal Status Flags
r-devel-linux-x86_64-debian-clang 0.3.1 16.30 29.82 46.12 NOTE
r-devel-linux-x86_64-debian-gcc 0.3.1 11.72 22.68 34.40 NOTE
r-devel-linux-x86_64-fedora-clang 0.3.1 82.90 NOTE
r-devel-linux-x86_64-fedora-gcc 0.3.1 66.71 NOTE
r-devel-windows-x86_64 0.3.1 50.00 83.00 133.00 OK
r-patched-linux-x86_64 0.3.1 14.32 27.44 41.76 NOTE
r-release-linux-x86_64 0.3.1 14.76 27.65 42.41 NOTE
r-release-macos-arm64 0.3.1 24.00 OK
r-release-macos-x86_64 0.3.1 30.00 OK
r-release-windows-x86_64 0.3.1 55.00 80.00 135.00 OK
r-oldrel-macos-arm64 0.3.1 25.00 OK
r-oldrel-macos-x86_64 0.3.1 40.00 OK
r-oldrel-windows-ix86+x86_64 0.3.1 74.00 73.00 147.00 OK

Check Details

Version: 0.3.1
Check: for non-standard things in the check directory
Result: NOTE
    Found the following files/directories:
     'example.llo'
Flavors: r-devel-linux-x86_64-debian-clang, r-devel-linux-x86_64-debian-gcc, r-devel-linux-x86_64-fedora-clang, r-devel-linux-x86_64-fedora-gcc, r-patched-linux-x86_64, r-release-linux-x86_64