Last updated on 2022-05-19 15:53:21 CEST.
Flavor | Version | Tinstall | Tcheck | Ttotal | Status | Flags |
---|---|---|---|---|---|---|
r-devel-linux-x86_64-debian-clang | 2.0-1 | 13.47 | 110.24 | 123.71 | OK | |
r-devel-linux-x86_64-debian-gcc | 2.0-1 | 12.06 | 82.16 | 94.22 | OK | |
r-devel-linux-x86_64-fedora-clang | 2.0-1 | 144.83 | NOTE | |||
r-devel-linux-x86_64-fedora-gcc | 2.0-1 | 143.04 | NOTE | |||
r-devel-windows-x86_64 | 2.0-1 | 38.00 | 133.00 | 171.00 | OK | |
r-patched-linux-x86_64 | 2.0-1 | 15.64 | 104.33 | 119.97 | OK | |
r-release-linux-x86_64 | 2.0-1 | 11.67 | 103.24 | 114.91 | OK | |
r-release-macos-arm64 | 2.0-1 | 44.00 | OK | |||
r-release-macos-x86_64 | 2.0-1 | 61.00 | OK | |||
r-release-windows-x86_64 | 2.0-1 | 41.00 | 140.00 | 181.00 | OK | |
r-oldrel-macos-arm64 | 2.0-1 | 50.00 | OK | |||
r-oldrel-macos-x86_64 | 2.0-1 | 81.00 | OK | |||
r-oldrel-windows-ix86+x86_64 | 2.0-1 | 34.00 | 171.00 | 205.00 | OK |
Version: 2.0-1
Check: Rd cross-references
Result: NOTE
Undeclared package ‘fso’ in Rd xrefs
Flavor: r-devel-linux-x86_64-fedora-clang
Version: 2.0-1
Check: compiled code
Result: NOTE
File ‘labdsv/libs/labdsv.so’:
Found no calls to: ‘R_registerRoutines’, ‘R_useDynamicSymbols’
It is good practice to register native routines and to disable symbol
search.
See ‘Writing portable packages’ in the ‘Writing R Extensions’ manual.
Flavors: r-devel-linux-x86_64-fedora-clang, r-devel-linux-x86_64-fedora-gcc