CRAN Package Check Results for Package l0ara

Last updated on 2022-06-29 15:49:56 CEST.

Flavor Version Tinstall Tcheck Ttotal Status Flags
r-devel-linux-x86_64-debian-clang 0.1.6 40.85 30.16 71.01 NOTE
r-devel-linux-x86_64-debian-gcc 0.1.6 27.75 23.34 51.09 NOTE
r-devel-linux-x86_64-fedora-clang 0.1.6 100.86 NOTE
r-devel-linux-x86_64-fedora-gcc 0.1.6 92.98 NOTE
r-devel-windows-x86_64 0.1.6 35.00 71.00 106.00 NOTE
r-patched-linux-x86_64 0.1.6 29.18 29.11 58.29 NOTE
r-release-linux-x86_64 0.1.6 28.12 28.86 56.98 NOTE
r-release-macos-arm64 0.1.6 28.00 NOTE
r-release-macos-x86_64 0.1.6 36.00 NOTE
r-release-windows-x86_64 0.1.6 37.00 76.00 113.00 NOTE
r-oldrel-macos-arm64 0.1.6 29.00 NOTE
r-oldrel-macos-x86_64 0.1.6 51.00 NOTE
r-oldrel-windows-ix86+x86_64 0.1.6 85.00 73.00 158.00 NOTE

Check Details

Version: 0.1.6
Check: LazyData
Result: NOTE
     'LazyData' is specified without a 'data' directory
Flavors: r-devel-linux-x86_64-debian-clang, r-devel-linux-x86_64-debian-gcc, r-devel-linux-x86_64-fedora-clang, r-devel-linux-x86_64-fedora-gcc, r-devel-windows-x86_64, r-patched-linux-x86_64, r-release-linux-x86_64, r-release-macos-arm64, r-release-macos-x86_64, r-release-windows-x86_64, r-oldrel-macos-arm64, r-oldrel-macos-x86_64, r-oldrel-windows-ix86+x86_64