Last updated on 2022-05-22 15:53:22 CEST.
Flavor | Version | Tinstall | Tcheck | Ttotal | Status | Flags |
---|---|---|---|---|---|---|
r-devel-linux-x86_64-debian-clang | 0.3-0 | 3.28 | 53.32 | 56.60 | NOTE | |
r-devel-linux-x86_64-debian-gcc | 0.3-0 | 3.01 | 41.34 | 44.35 | NOTE | |
r-devel-linux-x86_64-fedora-clang | 0.3-0 | 68.01 | NOTE | |||
r-devel-linux-x86_64-fedora-gcc | 0.3-0 | 66.88 | NOTE | |||
r-devel-windows-x86_64 | 0.3-0 | 12.00 | 86.00 | 98.00 | OK | |
r-patched-linux-x86_64 | 0.3-0 | 4.56 | 50.54 | 55.10 | NOTE | |
r-release-linux-x86_64 | 0.3-0 | 3.33 | 50.48 | 53.81 | NOTE | |
r-release-macos-arm64 | 0.3-0 | 24.00 | OK | |||
r-release-macos-x86_64 | 0.3-0 | 33.00 | OK | |||
r-release-windows-x86_64 | 0.3-0 | 18.00 | 89.00 | 107.00 | OK | |
r-oldrel-macos-arm64 | 0.3-0 | 35.00 | OK | |||
r-oldrel-macos-x86_64 | 0.3-0 | 46.00 | OK | |||
r-oldrel-windows-ix86+x86_64 | 0.3-0 | 9.00 | 67.00 | 76.00 | OK |
Version: 0.3-0
Check: for non-standard things in the check directory
Result: NOTE
Found the following files/directories:
'DF7.bas' 'DF7.dat' 'DF7.rel' 'DF7.spc' 'DF7.struct'
Flavors: r-devel-linux-x86_64-debian-clang, r-devel-linux-x86_64-debian-gcc, r-devel-linux-x86_64-fedora-clang, r-devel-linux-x86_64-fedora-gcc, r-patched-linux-x86_64, r-release-linux-x86_64