CRAN Package Check Results for Package kokudosuuchi

Last updated on 2022-10-06 15:53:46 CEST.

Flavor Version Tinstall Tcheck Ttotal Status Flags
r-devel-linux-x86_64-debian-clang 1.0.0 4.17 34.98 39.15 NOTE
r-devel-linux-x86_64-debian-gcc 1.0.0 2.44 27.07 29.51 NOTE
r-devel-linux-x86_64-fedora-clang 1.0.0 58.69 NOTE
r-devel-linux-x86_64-fedora-gcc 1.0.0 55.05 NOTE
r-devel-windows-x86_64 1.0.0 16.00 61.00 77.00 NOTE
r-patched-linux-x86_64 1.0.0 3.75 33.57 37.32 NOTE
r-release-linux-x86_64 1.0.0 3.74 33.12 36.86 NOTE
r-release-macos-arm64 1.0.0 17.00 NOTE
r-release-macos-x86_64 1.0.0 28.00 NOTE
r-release-windows-x86_64 1.0.0 27.00 64.00 91.00 NOTE
r-oldrel-macos-arm64 1.0.0 21.00 NOTE
r-oldrel-macos-x86_64 1.0.0 27.00 NOTE
r-oldrel-windows-ix86+x86_64 1.0.0 8.00 57.00 65.00 NOTE

Check Details

Version: 1.0.0
Check: LazyData
Result: NOTE
     'LazyData' is specified without a 'data' directory
Flavors: r-devel-linux-x86_64-debian-clang, r-devel-linux-x86_64-debian-gcc, r-devel-linux-x86_64-fedora-clang, r-devel-linux-x86_64-fedora-gcc, r-devel-windows-x86_64, r-patched-linux-x86_64, r-release-linux-x86_64, r-release-macos-arm64, r-release-macos-x86_64, r-release-windows-x86_64, r-oldrel-macos-arm64, r-oldrel-macos-x86_64, r-oldrel-windows-ix86+x86_64