Last updated on 2023-12-10 03:59:59 CET.
Flavor | Version | Tinstall | Tcheck | Ttotal | Status | Flags |
---|---|---|---|---|---|---|
r-devel-linux-x86_64-debian-clang | 0.3.6 | 2.69 | 156.98 | 159.67 | NOTE | |
r-devel-linux-x86_64-debian-gcc | 0.3.6 | 2.99 | 116.25 | 119.24 | NOTE | |
r-devel-linux-x86_64-fedora-clang | 0.3.6 | 192.00 | OK | |||
r-devel-linux-x86_64-fedora-gcc | 0.3.6 | 204.37 | OK | |||
r-devel-windows-x86_64 | 0.3.6 | 5.00 | 198.00 | 203.00 | OK | |
r-patched-linux-x86_64 | 0.3.6 | 4.03 | 150.25 | 154.28 | OK | |
r-release-linux-x86_64 | 0.3.6 | 3.92 | 152.27 | 156.19 | OK | |
r-release-macos-arm64 | 0.3.6 | 71.00 | OK | |||
r-release-macos-x86_64 | 0.3.6 | 115.00 | OK | |||
r-release-windows-x86_64 | 0.3.6 | 5.00 | 228.00 | 233.00 | OK | |
r-oldrel-macos-arm64 | 0.3.6 | 68.00 | OK | |||
r-oldrel-macos-x86_64 | 0.3.6 | 98.00 | OK | |||
r-oldrel-windows-x86_64 | 0.3.6 | 5.00 | 240.00 | 245.00 | OK |
Version: 0.3.6
Check: Rd files
Result: NOTE
checkRd: (-1) knockoff.Rd:22-24: Lost braces in \itemize; meant \describe ?
checkRd: (-1) knockoff.Rd:25-27: Lost braces in \itemize; meant \describe ?
Flavors: r-devel-linux-x86_64-debian-clang, r-devel-linux-x86_64-debian-gcc