CRAN Package Check Results for Package klsh

Last updated on 2022-06-26 15:53:02 CEST.

Flavor Version Tinstall Tcheck Ttotal Status Flags
r-devel-linux-x86_64-debian-clang 0.1.0 3.22 243.23 246.45 NOTE
r-devel-linux-x86_64-debian-gcc 0.1.0 2.43 167.44 169.87 NOTE
r-devel-linux-x86_64-fedora-clang 0.1.0 280.53 NOTE
r-devel-linux-x86_64-fedora-gcc 0.1.0 278.55 NOTE
r-devel-windows-x86_64 0.1.0 13.00 258.00 271.00 NOTE
r-patched-linux-x86_64 0.1.0 2.65 216.64 219.29 NOTE
r-release-linux-x86_64 0.1.0 2.54 217.77 220.31 NOTE
r-release-macos-arm64 0.1.0 74.00 NOTE
r-release-macos-x86_64 0.1.0 110.00 NOTE
r-release-windows-x86_64 0.1.0 16.00 254.00 270.00 NOTE
r-oldrel-macos-arm64 0.1.0 103.00 NOTE
r-oldrel-macos-x86_64 0.1.0 158.00 NOTE
r-oldrel-windows-ix86+x86_64 0.1.0 8.00 270.00 278.00 NOTE

Check Details

Version: 0.1.0
Check: LazyData
Result: NOTE
     'LazyData' is specified without a 'data' directory
Flavors: r-devel-linux-x86_64-debian-clang, r-devel-linux-x86_64-debian-gcc, r-devel-linux-x86_64-fedora-clang, r-devel-linux-x86_64-fedora-gcc, r-devel-windows-x86_64, r-patched-linux-x86_64, r-release-linux-x86_64, r-release-macos-arm64, r-release-macos-x86_64, r-release-windows-x86_64, r-oldrel-macos-arm64, r-oldrel-macos-x86_64, r-oldrel-windows-ix86+x86_64

Version: 0.1.0
Check: dependencies in R code
Result: NOTE
    Namespaces in Imports field not imported from:
     ‘Rcpp’ ‘SnowballC’ ‘stringi’
     All declared Imports should be used.
Flavors: r-devel-linux-x86_64-fedora-clang, r-devel-linux-x86_64-fedora-gcc, r-release-macos-arm64, r-release-macos-x86_64, r-oldrel-macos-arm64, r-oldrel-macos-x86_64