CRAN Package Check Results for Package klic

Last updated on 2022-05-16 03:53:34 CEST.

Flavor Version Tinstall Tcheck Ttotal Status Flags
r-devel-linux-x86_64-debian-clang 1.0.4 3.70 50.34 54.04 NOTE
r-devel-linux-x86_64-debian-gcc 1.0.4 2.52 39.13 41.65 NOTE
r-devel-linux-x86_64-fedora-clang 1.0.4 64.67 NOTE
r-devel-linux-x86_64-fedora-gcc 1.0.4 62.14 NOTE
r-devel-windows-x86_64 1.0.4 17.00 83.00 100.00 NOTE
r-patched-linux-x86_64 1.0.4 3.42 49.01 52.43 NOTE
r-release-linux-x86_64 1.0.4 2.53 48.46 50.99 NOTE
r-release-macos-arm64 1.0.4 24.00 NOTE
r-release-macos-x86_64 1.0.4 42.00 NOTE
r-release-windows-x86_64 1.0.4 19.00 83.00 102.00 NOTE
r-oldrel-macos-arm64 1.0.4 21.00 NOTE
r-oldrel-macos-x86_64 1.0.4 29.00 NOTE
r-oldrel-windows-ix86+x86_64 1.0.4 9.00 48.00 57.00 NOTE

Check Details

Version: 1.0.4
Check: LazyData
Result: NOTE
     'LazyData' is specified without a 'data' directory
Flavors: r-devel-linux-x86_64-debian-clang, r-devel-linux-x86_64-debian-gcc, r-devel-linux-x86_64-fedora-clang, r-devel-linux-x86_64-fedora-gcc, r-devel-windows-x86_64, r-patched-linux-x86_64, r-release-linux-x86_64, r-release-macos-arm64, r-release-macos-x86_64, r-release-windows-x86_64, r-oldrel-macos-arm64, r-oldrel-macos-x86_64, r-oldrel-windows-ix86+x86_64