Last updated on 2022-05-23 03:56:59 CEST.
Flavor | Version | Tinstall | Tcheck | Ttotal | Status | Flags |
---|---|---|---|---|---|---|
r-devel-linux-x86_64-debian-clang | 1.0.5 | 3.59 | 37.98 | 41.57 | OK | |
r-devel-linux-x86_64-debian-gcc | 1.0.5 | 2.28 | 29.03 | 31.31 | OK | |
r-devel-linux-x86_64-fedora-clang | 1.0.5 | 49.13 | OK | |||
r-devel-linux-x86_64-fedora-gcc | 1.0.5 | 48.31 | OK | |||
r-devel-windows-x86_64 | 1.0.5 | 23.00 | 52.00 | 75.00 | OK | |
r-patched-linux-x86_64 | 1.0.5 | 2.77 | 36.43 | 39.20 | OK | |
r-release-linux-x86_64 | 1.0.5 | 3.17 | 36.33 | 39.50 | OK | |
r-release-macos-arm64 | 1.0.5 | 20.00 | NOTE | |||
r-release-macos-x86_64 | 1.0.5 | 23.00 | OK | |||
r-release-windows-x86_64 | 1.0.5 | 17.00 | 53.00 | 70.00 | OK | |
r-oldrel-macos-arm64 | 1.0.5 | 20.00 | NOTE | |||
r-oldrel-macos-x86_64 | 1.0.5 | 29.00 | NOTE | |||
r-oldrel-windows-ix86+x86_64 | 1.0.5 | 7.00 | 47.00 | 54.00 | OK |
Version: 1.0.5
Check: package dependencies
Result: NOTE
Package suggested but not available for checking: ‘org.Hs.eg.db’
Flavors: r-release-macos-arm64, r-oldrel-macos-arm64, r-oldrel-macos-x86_64