CRAN Package Check Results for Package kernelboot

Last updated on 2022-06-28 15:53:20 CEST.

Flavor Version Tinstall Tcheck Ttotal Status Flags
r-devel-linux-x86_64-debian-clang 0.1.7 36.75 54.67 91.42 NOTE
r-devel-linux-x86_64-debian-gcc 0.1.7 22.88 42.07 64.95 NOTE
r-devel-linux-x86_64-fedora-clang 0.1.7 132.52 NOTE
r-devel-linux-x86_64-fedora-gcc 0.1.7 118.12 NOTE
r-devel-windows-x86_64 0.1.7 47.00 105.00 152.00 NOTE
r-patched-linux-x86_64 0.1.7 30.17 52.37 82.54 NOTE
r-release-linux-x86_64 0.1.7 29.35 52.93 82.28 NOTE
r-release-macos-arm64 0.1.7 33.00 NOTE
r-release-macos-x86_64 0.1.7 46.00 NOTE
r-release-windows-x86_64 0.1.7 45.00 112.00 157.00 NOTE
r-oldrel-macos-arm64 0.1.7 40.00 NOTE
r-oldrel-macos-x86_64 0.1.7 64.00 NOTE
r-oldrel-windows-ix86+x86_64 0.1.7 86.00 148.00 234.00 NOTE

Additional issues

clang-UBSAN

Check Details

Version: 0.1.7
Check: LazyData
Result: NOTE
     'LazyData' is specified without a 'data' directory
Flavors: r-devel-linux-x86_64-debian-clang, r-devel-linux-x86_64-debian-gcc, r-devel-linux-x86_64-fedora-clang, r-devel-linux-x86_64-fedora-gcc, r-devel-windows-x86_64, r-patched-linux-x86_64, r-release-linux-x86_64, r-release-macos-arm64, r-release-macos-x86_64, r-release-windows-x86_64, r-oldrel-macos-arm64, r-oldrel-macos-x86_64, r-oldrel-windows-ix86+x86_64