CRAN Package Check Results for Package kernelPhil

Last updated on 2022-05-26 03:53:12 CEST.

Flavor Version Tinstall Tcheck Ttotal Status Flags
r-devel-linux-x86_64-debian-clang 0.1 7.29 81.05 88.34 NOTE
r-devel-linux-x86_64-debian-gcc 0.1 4.90 59.86 64.76 NOTE
r-devel-linux-x86_64-fedora-clang 0.1 102.87 NOTE
r-devel-linux-x86_64-fedora-gcc 0.1 100.84 NOTE
r-devel-windows-x86_64 0.1 19.00 95.00 114.00 NOTE
r-patched-linux-x86_64 0.1 4.73 77.02 81.75 NOTE
r-release-linux-x86_64 0.1 NOTE
r-release-macos-arm64 0.1 31.00 NOTE
r-release-macos-x86_64 0.1 51.00 NOTE
r-release-windows-x86_64 0.1 25.00 96.00 121.00 NOTE
r-oldrel-macos-arm64 0.1 35.00 NOTE
r-oldrel-macos-x86_64 0.1 56.00 NOTE
r-oldrel-windows-ix86+x86_64 0.1 18.00 88.00 106.00 NOTE

Check Details

Version: 0.1
Check: LazyData
Result: NOTE
     'LazyData' is specified without a 'data' directory
Flavors: r-devel-linux-x86_64-debian-clang, r-devel-linux-x86_64-debian-gcc, r-devel-linux-x86_64-fedora-clang, r-devel-linux-x86_64-fedora-gcc, r-devel-windows-x86_64, r-patched-linux-x86_64, r-release-linux-x86_64, r-release-macos-arm64, r-release-macos-x86_64, r-release-windows-x86_64, r-oldrel-macos-arm64, r-oldrel-macos-x86_64, r-oldrel-windows-ix86+x86_64