CRAN Package Check Results for Package keras

Last updated on 2022-12-07 15:50:20 CET.

Flavor Version Tinstall Tcheck Ttotal Status Flags
r-devel-linux-x86_64-debian-clang 2.9.0 28.72 241.18 269.90 OK
r-devel-linux-x86_64-debian-gcc 2.9.0 18.45 185.13 203.58 OK
r-devel-linux-x86_64-fedora-clang 2.9.0 356.95 OK
r-devel-linux-x86_64-fedora-gcc 2.9.0 339.88 OK
r-devel-windows-x86_64 2.9.0 131.00 379.00 510.00 OK
r-patched-linux-x86_64 2.9.0 38.38 197.09 235.47 OK
r-release-linux-x86_64 2.9.0 23.64 172.41 196.05 OK
r-release-macos-arm64 2.9.0 95.00 OK
r-release-macos-x86_64 2.9.0 105.00 OK
r-release-windows-x86_64 2.9.0 284.00 257.00 541.00 OK
r-oldrel-macos-arm64 2.9.0 100.00 NOTE
r-oldrel-macos-x86_64 2.9.0 117.00 OK
r-oldrel-windows-ix86+x86_64 2.9.0 46.00 242.00 288.00 OK

Check Details

Version: 2.9.0
Check: installed package size
Result: NOTE
     installed size is 5.2Mb
     sub-directories of 1Mb or more:
     doc 2.0Mb
     help 2.3Mb
Flavor: r-oldrel-macos-arm64