CRAN Package Check Results for Package kendallRandomWalks

Last updated on 2024-06-22 03:49:34 CEST.

Flavor Version Tinstall Tcheck Ttotal Status Flags
r-devel-linux-x86_64-debian-clang 0.9.4 6.65 179.66 186.31 NOTE
r-devel-linux-x86_64-debian-gcc 0.9.4 5.01 119.56 124.57 NOTE
r-devel-linux-x86_64-fedora-clang 0.9.4 221.18 NOTE
r-devel-linux-x86_64-fedora-gcc 0.9.4 221.11 NOTE
r-devel-windows-x86_64 0.9.4 8.00 127.00 135.00 NOTE
r-patched-linux-x86_64 0.9.4 6.78 169.31 176.09 NOTE
r-release-linux-x86_64 0.9.4 5.64 169.50 175.14 NOTE
r-release-macos-arm64 0.9.4 56.00 NOTE
r-release-macos-x86_64 0.9.4 95.00 NOTE
r-release-windows-x86_64 0.9.4 7.00 127.00 134.00 NOTE
r-oldrel-macos-arm64 0.9.4 66.00 NOTE
r-oldrel-macos-x86_64 0.9.4 109.00 NOTE
r-oldrel-windows-x86_64 0.9.4 9.00 170.00 179.00 NOTE

Check Details

Version: 0.9.4
Check: LazyData
Result: NOTE 'LazyData' is specified without a 'data' directory Flavors: r-devel-linux-x86_64-debian-clang, r-devel-linux-x86_64-debian-gcc, r-devel-linux-x86_64-fedora-clang, r-devel-linux-x86_64-fedora-gcc, r-devel-windows-x86_64, r-patched-linux-x86_64, r-release-linux-x86_64, r-release-macos-arm64, r-release-macos-x86_64, r-release-windows-x86_64, r-oldrel-macos-arm64, r-oldrel-macos-x86_64, r-oldrel-windows-x86_64