Last updated on 2022-05-19 04:51:06 CEST.
Flavor | Version | Tinstall | Tcheck | Ttotal | Status | Flags |
---|---|---|---|---|---|---|
r-devel-linux-x86_64-debian-clang | 0.9.4 | 6.95 | 193.89 | 200.84 | NOTE | |
r-devel-linux-x86_64-debian-gcc | 0.9.4 | 5.29 | 137.16 | 142.45 | NOTE | |
r-devel-linux-x86_64-fedora-clang | 0.9.4 | 223.94 | NOTE | |||
r-devel-linux-x86_64-fedora-gcc | 0.9.4 | 229.88 | NOTE | |||
r-devel-windows-x86_64 | 0.9.4 | 136.00 | 189.00 | 325.00 | NOTE | |
r-patched-linux-x86_64 | 0.9.4 | 6.13 | 184.79 | 190.92 | NOTE | |
r-release-linux-x86_64 | 0.9.4 | 6.46 | 188.01 | 194.47 | NOTE | |
r-release-macos-arm64 | 0.9.4 | 52.00 | NOTE | |||
r-release-macos-x86_64 | 0.9.4 | 97.00 | NOTE | |||
r-release-windows-x86_64 | 0.9.4 | 158.00 | 199.00 | 357.00 | NOTE | |
r-oldrel-macos-arm64 | 0.9.4 | 66.00 | NOTE | |||
r-oldrel-macos-x86_64 | 0.9.4 | 106.00 | NOTE | |||
r-oldrel-windows-ix86+x86_64 | 0.9.4 | 16.00 | 191.00 | 207.00 | NOTE |
Version: 0.9.4
Check: LazyData
Result: NOTE
'LazyData' is specified without a 'data' directory
Flavors: r-devel-linux-x86_64-debian-clang, r-devel-linux-x86_64-debian-gcc, r-devel-linux-x86_64-fedora-clang, r-devel-linux-x86_64-fedora-gcc, r-devel-windows-x86_64, r-patched-linux-x86_64, r-release-linux-x86_64, r-release-macos-arm64, r-release-macos-x86_64, r-release-windows-x86_64, r-oldrel-macos-arm64, r-oldrel-macos-x86_64, r-oldrel-windows-ix86+x86_64