CRAN Package Check Results for Package justifier

Last updated on 2022-06-27 15:53:46 CEST.

Flavor Version Tinstall Tcheck Ttotal Status Flags
r-devel-linux-x86_64-debian-clang 0.2.4 5.21 95.89 101.10 OK
r-devel-linux-x86_64-debian-gcc 0.2.4 4.39 72.82 77.21 OK
r-devel-linux-x86_64-fedora-clang 0.2.4 129.68 NOTE
r-devel-linux-x86_64-fedora-gcc 0.2.4 130.20 OK
r-devel-windows-x86_64 0.2.4 64.00 135.00 199.00 OK
r-patched-linux-x86_64 0.2.4 6.91 93.50 100.41 OK
r-release-linux-x86_64 0.2.4 4.09 92.94 97.03 OK
r-release-macos-arm64 0.2.4 43.00 OK
r-release-macos-x86_64 0.2.4 52.00 OK
r-release-windows-x86_64 0.2.4 63.00 140.00 203.00 OK
r-oldrel-macos-arm64 0.2.4 38.00 OK
r-oldrel-macos-x86_64 0.2.4 54.00 OK
r-oldrel-windows-ix86+x86_64 0.2.4 12.00 147.00 159.00 OK

Check Details

Version: 0.2.4
Check: Rd cross-references
Result: NOTE
    Undeclared package ‘ggplot2’ in Rd xrefs
Flavor: r-devel-linux-x86_64-fedora-clang