CRAN Package Check Results for Package jtools

Last updated on 2024-02-23 04:02:03 CET.

Flavor Version Tinstall Tcheck Ttotal Status Flags
r-devel-linux-x86_64-debian-clang 2.2.2 NOTE
r-devel-linux-x86_64-debian-gcc 2.2.2 10.35 140.65 151.00 NOTE
r-devel-linux-x86_64-fedora-clang 2.2.2 268.61 OK
r-devel-linux-x86_64-fedora-gcc 2.2.2 303.19 OK
r-devel-windows-x86_64 2.2.2 13.00 160.00 173.00 OK
r-patched-linux-x86_64 2.2.2 12.81 185.50 198.31 OK
r-release-linux-x86_64 2.2.2 16.17 186.18 202.35 OK
r-release-macos-arm64 2.2.2 82.00 OK
r-release-macos-x86_64 2.2.2 144.00 OK
r-release-windows-x86_64 2.2.2 19.00 202.00 221.00 OK
r-oldrel-macos-arm64 2.2.2 78.00 OK
r-oldrel-windows-x86_64 2.2.2 18.00 192.00 210.00 OK

Check Details

Version: 2.2.2
Check: Rd files
Result: NOTE checkRd: (-1) export_summs.Rd:26: Lost braces; missing escapes or markup? 26 | Default: "({std.error})"} | ^ Flavors: r-devel-linux-x86_64-debian-clang, r-devel-linux-x86_64-debian-gcc