CRAN Package Check Results for Package jstable

Last updated on 2024-02-21 03:57:11 CET.

Flavor Version Tinstall Tcheck Ttotal Status Flags
r-devel-linux-x86_64-debian-clang 1.1.6 OK
r-devel-linux-x86_64-debian-gcc 1.1.6 13.42 145.96 159.38 OK
r-devel-linux-x86_64-fedora-clang 1.1.6 145.55 OK
r-devel-linux-x86_64-fedora-gcc 1.1.6 150.43 OK
r-devel-windows-x86_64 1.1.6 16.00 165.00 181.00 WARN
r-patched-linux-x86_64 1.1.5 12.70 191.26 203.96 OK
r-release-linux-x86_64 1.1.6 13.20 190.12 203.32 OK
r-release-macos-arm64 1.1.6 82.00 OK
r-release-macos-x86_64 1.1.6 227.00 OK
r-release-windows-x86_64 1.1.6 21.00 213.00 234.00 OK
r-oldrel-macos-arm64 1.1.6 77.00 OK
r-oldrel-windows-x86_64 1.1.6 26.00 196.00 222.00 OK

Check Details

Version: 1.1.6
Check: examples
Result: WARN Found the following significant warnings: Warning in is.R() : 'is.R' is deprecated. Warning in is.R() : 'is.R' is deprecated. Warning in is.R() : 'is.R' is deprecated. Warning in is.R() : 'is.R' is deprecated. Warning in is.R() : 'is.R' is deprecated. Warning in is.R() : 'is.R' is deprecated. Warning in is.R() : 'is.R' is deprecated. Warning in is.R() : 'is.R' is deprecated. Warning in is.R() : 'is.R' is deprecated. Warning in is.R() : 'is.R' is deprecated. Warning in is.R() : 'is.R' is deprecated. Warning in is.R() : 'is.R' is deprecated. Warning in is.R() : 'is.R' is deprecated. Warning in is.R() : 'is.R' is deprecated. Warning in is.R() : 'is.R' is deprecated. Warning in is.R() : 'is.R' is deprecated. Warning in is.R() : 'is.R' is deprecated. Warning in is.R() : 'is.R' is deprecated. Warning in is.R() : 'is.R' is deprecated. Warning in is.R() : 'is.R' is deprecated. Warning in is.R() : 'is.R' is deprecated. Warning in is.R() : 'is.R' is deprecated. Deprecated functions may be defunct as soon as of the next release of R. See ?Deprecated. Flavor: r-devel-windows-x86_64