CRAN Package Check Results for Package jsonify

Last updated on 2022-06-28 03:51:34 CEST.

Flavor Version Tinstall Tcheck Ttotal Status Flags
r-devel-linux-x86_64-debian-clang 1.2.1 76.98 35.82 112.80 OK
r-devel-linux-x86_64-debian-gcc 1.2.1 60.42 27.75 88.17 OK
r-devel-linux-x86_64-fedora-clang 1.2.1 177.34 OK
r-devel-linux-x86_64-fedora-gcc 1.2.1 155.52 OK
r-devel-windows-x86_64 1.2.1 98.00 89.00 187.00 OK
r-patched-linux-x86_64 1.2.1 61.25 34.68 95.93 OK
r-release-linux-x86_64 1.2.1 68.69 34.78 103.47 OK
r-release-macos-arm64 1.2.1 44.00 NOTE
r-release-macos-x86_64 1.2.1 75.00 NOTE
r-release-windows-x86_64 1.2.1 88.00 90.00 178.00 OK
r-oldrel-macos-arm64 1.2.1 52.00 NOTE
r-oldrel-macos-x86_64 1.2.1 83.00 NOTE
r-oldrel-windows-ix86+x86_64 1.2.1 178.00 92.00 270.00 OK

Check Details

Version: 1.2.1
Check: installed package size
Result: NOTE
     installed size is 5.4Mb
     sub-directories of 1Mb or more:
     doc 1.2Mb
     libs 4.0Mb
Flavors: r-release-macos-arm64, r-release-macos-x86_64, r-oldrel-macos-arm64, r-oldrel-macos-x86_64