Last updated on 2023-12-07 15:48:21 CET.
Flavor | Version | Tinstall | Tcheck | Ttotal | Status | Flags |
---|---|---|---|---|---|---|
r-devel-linux-x86_64-debian-clang | 1.4.3 | 41.37 | 247.22 | 288.59 | OK | |
r-devel-linux-x86_64-debian-gcc | 1.4.3 | 32.01 | 185.69 | 217.70 | OK | |
r-devel-linux-x86_64-fedora-clang | 1.4.4 | 207.04 | NOTE | |||
r-devel-linux-x86_64-fedora-gcc | 1.4.4 | 201.80 | OK | |||
r-devel-windows-x86_64 | 1.4.3 | 35.00 | 201.00 | 236.00 | OK | |
r-patched-linux-x86_64 | 1.4.3 | 38.51 | 238.29 | 276.80 | OK | |
r-release-linux-x86_64 | 1.4.3 | 34.20 | 238.22 | 272.42 | OK | |
r-release-macos-arm64 | 1.4.3 | 65.00 | OK | |||
r-release-macos-x86_64 | 1.4.4 | 103.00 | OK | |||
r-release-windows-x86_64 | 1.4.3 | 44.00 | 258.00 | 302.00 | OK | |
r-oldrel-macos-arm64 | 1.4.3 | 92.00 | OK | |||
r-oldrel-macos-x86_64 | 1.4.3 | 132.00 | OK | |||
r-oldrel-windows-x86_64 | 1.4.3 | 48.00 | 257.00 | 305.00 | OK |
Version: 1.4.4
Check: package dependencies
Result: NOTE
Imports includes 30 non-default packages.
Importing from so many packages makes the package vulnerable to any of
them becoming unavailable. Move as many as possible to Suggests and
use conditionally.
Flavor: r-devel-linux-x86_64-fedora-clang