CRAN Package Check Results for Package jpgrid

Last updated on 2022-09-28 03:54:57 CEST.

Flavor Version Tinstall Tcheck Ttotal Status Flags
r-devel-linux-x86_64-debian-clang 0.2.0 9.47 77.40 86.87 OK
r-devel-linux-x86_64-debian-gcc 0.2.0 8.78 58.54 67.32 OK
r-devel-linux-x86_64-fedora-clang 0.2.0 116.03 NOTE
r-devel-linux-x86_64-fedora-gcc 0.2.0 108.22 NOTE
r-devel-windows-x86_64 0.2.0 19.00 97.00 116.00 OK
r-patched-linux-x86_64 0.2.0 9.12 72.41 81.53 OK
r-release-linux-x86_64 0.2.0 7.53 72.07 79.60 OK
r-release-macos-arm64 0.2.0 35.00 NOTE
r-release-macos-x86_64 0.2.0 46.00 NOTE
r-release-windows-x86_64 0.2.0 24.00 98.00 122.00 OK
r-oldrel-macos-arm64 0.2.0 33.00 NOTE
r-oldrel-macos-x86_64 0.2.0 49.00 NOTE
r-oldrel-windows-ix86+x86_64 0.2.0 22.00 94.00 116.00 OK

Check Details

Version: 0.2.0
Check: data for non-ASCII characters
Result: NOTE
     Note: found 461377 marked UTF-8 strings
Flavors: r-devel-linux-x86_64-fedora-clang, r-devel-linux-x86_64-fedora-gcc, r-release-macos-arm64, r-release-macos-x86_64, r-oldrel-macos-arm64, r-oldrel-macos-x86_64