Last updated on 2022-05-19 15:53:21 CEST.
Flavor | Version | Tinstall | Tcheck | Ttotal | Status | Flags |
---|---|---|---|---|---|---|
r-devel-linux-x86_64-debian-clang | 0.3.1 | 33.17 | 95.50 | 128.67 | WARN | |
r-devel-linux-x86_64-debian-gcc | 0.3.1 | 29.09 | 72.05 | 101.14 | OK | |
r-devel-linux-x86_64-fedora-clang | 0.3.1 | 171.22 | OK | |||
r-devel-linux-x86_64-fedora-gcc | 0.3.1 | 166.08 | OK | |||
r-devel-windows-x86_64 | 0.3.1 | 40.00 | 113.00 | 153.00 | OK | |
r-patched-linux-x86_64 | 0.3.1 | 31.59 | 88.43 | 120.02 | OK | |
r-release-linux-x86_64 | 0.3.1 | 32.60 | 89.92 | 122.52 | OK | |
r-release-macos-arm64 | 0.3.1 | 69.00 | OK | |||
r-release-macos-x86_64 | 0.3.1 | 71.00 | OK | |||
r-release-windows-x86_64 | 0.3.1 | 45.00 | 106.00 | 151.00 | OK | |
r-oldrel-macos-arm64 | 0.3.1 | 58.00 | OK | |||
r-oldrel-macos-x86_64 | 0.3.1 | 67.00 | OK | |||
r-oldrel-windows-ix86+x86_64 | 0.3.1 | 57.00 | 106.00 | 163.00 | WARN |
Version: 0.3.1
Check: whether package can be installed
Result: WARN
Found the following significant warnings:
Warning: unable to re-encode 'abbr2bib.R' line 79
Flavors: r-devel-linux-x86_64-debian-clang, r-oldrel-windows-ix86+x86_64