Last updated on 2022-05-23 15:53:37 CEST.
Flavor | Version | Tinstall | Tcheck | Ttotal | Status | Flags |
---|---|---|---|---|---|---|
r-devel-linux-x86_64-debian-clang | 0.4.5 | 118.14 | 538.15 | 656.29 | OK | |
r-devel-linux-x86_64-debian-gcc | 0.4.5 | 95.38 | 395.18 | 490.56 | OK | |
r-devel-linux-x86_64-fedora-clang | 0.4.5 | 781.45 | NOTE | |||
r-devel-linux-x86_64-fedora-gcc | 0.4.5 | 762.79 | OK | |||
r-devel-windows-x86_64 | 0.4.5 | 113.00 | 671.00 | 784.00 | OK | |
r-patched-linux-x86_64 | 0.4.5 | 101.05 | 515.22 | 616.27 | OK | |
r-release-linux-x86_64 | 0.4.5 | OK | ||||
r-release-macos-arm64 | 0.4.5 | 197.00 | NOTE | |||
r-release-macos-x86_64 | 0.4.5 | 310.00 | NOTE | |||
r-release-windows-x86_64 | 0.4.5 | 119.00 | 689.00 | 808.00 | OK | |
r-oldrel-macos-arm64 | 0.4.5 | 264.00 | NOTE | |||
r-oldrel-macos-x86_64 | 0.4.5 | 376.00 | NOTE | |||
r-oldrel-windows-ix86+x86_64 | 0.4.5 | 272.00 | 933.00 | 1205.00 | OK |
Version: 0.4.5
Check: installed package size
Result: NOTE
installed size is 5.6Mb
sub-directories of 1Mb or more:
data 1.3Mb
libs 3.1Mb
Flavors: r-devel-linux-x86_64-fedora-clang, r-release-macos-arm64, r-release-macos-x86_64, r-oldrel-macos-arm64, r-oldrel-macos-x86_64