Last updated on 2023-06-10 03:56:25 CEST.
Flavor | Version | Tinstall | Tcheck | Ttotal | Status | Flags |
---|---|---|---|---|---|---|
r-devel-linux-x86_64-debian-clang | 0.4.6 | 117.37 | 601.94 | 719.31 | NOTE | --no-tests |
r-devel-linux-x86_64-debian-gcc | 0.4.6 | 86.85 | 1123.88 | 1210.73 | NOTE | --no-tests |
r-devel-linux-x86_64-fedora-clang | 0.4.6 | 1031.66 | NOTE | |||
r-devel-linux-x86_64-fedora-gcc | 0.4.6 | 1383.75 | NOTE | |||
r-devel-windows-x86_64 | 0.4.6 | 91.00 | 401.00 | 492.00 | NOTE | |
r-patched-linux-x86_64 | 0.4.6 | 96.88 | 607.84 | 704.72 | NOTE | --no-tests |
r-release-linux-x86_64 | 0.4.6 | 90.09 | 572.83 | 662.92 | NOTE | --no-tests |
r-release-macos-arm64 | 0.4.6 | 255.00 | NOTE | |||
r-release-macos-x86_64 | 0.4.6 | 405.00 | NOTE | |||
r-release-windows-x86_64 | 0.4.6 | 114.00 | 525.00 | 639.00 | NOTE | |
r-oldrel-macos-arm64 | 0.4.6 | 157.00 | NOTE | |||
r-oldrel-macos-x86_64 | 0.4.6 | 239.00 | NOTE | |||
r-oldrel-windows-x86_64 | 0.4.6 | 113.00 | 519.00 | 632.00 | OK |
Version: 0.4.6
Flags: --no-tests
Check: C++ specification
Result: NOTE
Specified C++11: please drop specification unless essential
Flavors: r-devel-linux-x86_64-debian-clang, r-devel-linux-x86_64-debian-gcc, r-patched-linux-x86_64, r-release-linux-x86_64
Version: 0.4.6
Check: C++ specification
Result: NOTE
Specified C++11: please drop specification unless essential
Flavors: r-devel-linux-x86_64-fedora-clang, r-devel-linux-x86_64-fedora-gcc, r-devel-windows-x86_64, r-release-macos-arm64, r-release-macos-x86_64, r-release-windows-x86_64
Version: 0.4.6
Check: installed package size
Result: NOTE
installed size is 6.6Mb
sub-directories of 1Mb or more:
data 1.3Mb
libs 4.1Mb
Flavors: r-release-macos-arm64, r-release-macos-x86_64, r-oldrel-macos-arm64, r-oldrel-macos-x86_64