Last updated on 2022-05-21 15:49:57 CEST.
Flavor | Version | Tinstall | Tcheck | Ttotal | Status | Flags |
---|---|---|---|---|---|---|
r-devel-linux-x86_64-debian-clang | 1.0.0 | 1.90 | 56.38 | 58.28 | OK | |
r-devel-linux-x86_64-debian-gcc | 1.0.0 | 2.08 | 42.07 | 44.15 | OK | |
r-devel-linux-x86_64-fedora-clang | 1.0.0 | 70.72 | NOTE | |||
r-devel-linux-x86_64-fedora-gcc | 1.0.0 | 68.10 | NOTE | |||
r-devel-windows-x86_64 | 1.0.0 | 17.00 | 81.00 | 98.00 | OK | |
r-patched-linux-x86_64 | 1.0.0 | 2.63 | 53.40 | 56.03 | OK | |
r-release-linux-x86_64 | 1.0.0 | 2.57 | 53.37 | 55.94 | OK | |
r-release-macos-arm64 | 1.0.0 | 30.00 | NOTE | |||
r-release-macos-x86_64 | 1.0.0 | 48.00 | NOTE | |||
r-release-windows-x86_64 | 1.0.0 | 13.00 | 82.00 | 95.00 | OK | |
r-oldrel-macos-arm64 | 1.0.0 | 30.00 | NOTE | |||
r-oldrel-macos-x86_64 | 1.0.0 | 35.00 | NOTE | |||
r-oldrel-windows-ix86+x86_64 | 1.0.0 | 8.00 | 72.00 | 80.00 | OK |
Version: 1.0.0
Check: dependencies in R code
Result: NOTE
Namespaces in Imports field not imported from:
‘RColorBrewer’ ‘ggplot2’ ‘knitr’ ‘markdown’
All declared Imports should be used.
Flavors: r-devel-linux-x86_64-fedora-clang, r-devel-linux-x86_64-fedora-gcc, r-release-macos-arm64, r-release-macos-x86_64, r-oldrel-macos-arm64, r-oldrel-macos-x86_64