CRAN Package Check Results for Package jarbes

Last updated on 2022-05-26 15:53:13 CEST.

Flavor Version Tinstall Tcheck Ttotal Status Flags
r-devel-linux-x86_64-debian-clang 2.0.0 9.93 88.25 98.18 OK
r-devel-linux-x86_64-debian-gcc 2.0.0 10.05 75.14 85.19 OK
r-devel-linux-x86_64-fedora-clang 2.0.0 119.44 NOTE
r-devel-linux-x86_64-fedora-gcc 2.0.0 114.45 NOTE
r-devel-windows-x86_64 2.0.0 25.00 102.00 127.00 OK
r-patched-linux-x86_64 2.0.0 7.45 84.18 91.63 OK
r-release-linux-x86_64 2.0.0 OK
r-release-macos-arm64 2.0.0 38.00 NOTE
r-release-macos-x86_64 2.0.0 50.00 NOTE
r-release-windows-x86_64 2.0.0 26.00 103.00 129.00 OK
r-oldrel-macos-arm64 2.0.0 36.00 NOTE
r-oldrel-macos-x86_64 2.0.0 48.00 NOTE
r-oldrel-windows-ix86+x86_64 2.0.0 24.00 97.00 121.00 OK

Check Details

Version: 2.0.0
Check: dependencies in R code
Result: NOTE
    Namespaces in Imports field not imported from:
     ‘grid’ ‘mcmcplots’ ‘tidyverse’
     All declared Imports should be used.
Flavors: r-devel-linux-x86_64-fedora-clang, r-devel-linux-x86_64-fedora-gcc, r-release-macos-arm64, r-release-macos-x86_64, r-oldrel-macos-arm64, r-oldrel-macos-x86_64