CRAN Package Check Results for Package jaod

Last updated on 2022-10-06 15:53:45 CEST.

Flavor Version Tinstall Tcheck Ttotal Status Flags
r-devel-linux-x86_64-debian-clang 0.3.0 2.26 29.00 31.26 NOTE
r-devel-linux-x86_64-debian-gcc 0.3.0 1.32 22.37 23.69 NOTE
r-devel-linux-x86_64-fedora-clang 0.3.0 50.32 NOTE
r-devel-linux-x86_64-fedora-gcc 0.3.0 46.94 NOTE
r-devel-windows-x86_64 0.3.0 8.00 104.00 112.00 NOTE
r-patched-linux-x86_64 0.3.0 1.63 27.34 28.97 NOTE
r-release-linux-x86_64 0.3.0 2.17 27.82 29.99 NOTE
r-release-macos-arm64 0.3.0 17.00 NOTE
r-release-macos-x86_64 0.3.0 24.00 NOTE
r-release-windows-x86_64 0.3.0 9.00 57.00 66.00 NOTE
r-oldrel-macos-arm64 0.3.0 20.00 NOTE
r-oldrel-macos-x86_64 0.3.0 26.00 NOTE
r-oldrel-windows-ix86+x86_64 0.3.0 6.00 56.00 62.00 NOTE

Check Details

Version: 0.3.0
Check: LazyData
Result: NOTE
     'LazyData' is specified without a 'data' directory
Flavors: r-devel-linux-x86_64-debian-clang, r-devel-linux-x86_64-debian-gcc, r-devel-linux-x86_64-fedora-clang, r-devel-linux-x86_64-fedora-gcc, r-devel-windows-x86_64, r-patched-linux-x86_64, r-release-linux-x86_64, r-release-macos-arm64, r-release-macos-x86_64, r-release-windows-x86_64, r-oldrel-macos-arm64, r-oldrel-macos-x86_64, r-oldrel-windows-ix86+x86_64