Last updated on 2022-05-18 15:49:05 CEST.
Flavor | Version | Tinstall | Tcheck | Ttotal | Status | Flags |
---|---|---|---|---|---|---|
r-devel-linux-x86_64-debian-clang | 1.1.3 | 301.07 | 64.55 | 365.62 | NOTE | |
r-devel-linux-x86_64-debian-gcc | 1.1.3 | 264.74 | 47.80 | 312.54 | NOTE | |
r-devel-linux-x86_64-fedora-clang | 1.1.3 | 552.43 | NOTE | |||
r-devel-linux-x86_64-fedora-gcc | 1.1.3 | 506.73 | NOTE | |||
r-devel-windows-x86_64 | 1.1.3 | 299.00 | 151.00 | 450.00 | NOTE | |
r-patched-linux-x86_64 | 1.1.3 | 276.46 | 59.26 | 335.72 | NOTE | |
r-release-linux-x86_64 | 1.1.3 | 269.15 | 60.70 | 329.85 | NOTE | |
r-release-macos-arm64 | 1.1.3 | 123.00 | NOTE | |||
r-release-macos-x86_64 | 1.1.3 | 157.00 | NOTE | |||
r-release-windows-x86_64 | 1.1.3 | 282.00 | 158.00 | 440.00 | NOTE | |
r-oldrel-macos-arm64 | 1.1.3 | 161.00 | NOTE | |||
r-oldrel-macos-x86_64 | 1.1.3 | 151.00 | NOTE | |||
r-oldrel-windows-ix86+x86_64 | 1.1.3 | 769.00 | 135.00 | 904.00 | NOTE |
Version: 1.1.3
Check: for GNU extensions in Makefiles
Result: NOTE
GNU make is a SystemRequirements.
Flavors: r-devel-linux-x86_64-debian-clang, r-devel-linux-x86_64-debian-gcc, r-devel-linux-x86_64-fedora-clang, r-devel-linux-x86_64-fedora-gcc, r-devel-windows-x86_64, r-patched-linux-x86_64, r-release-linux-x86_64, r-release-macos-arm64, r-release-macos-x86_64, r-release-windows-x86_64, r-oldrel-macos-arm64, r-oldrel-macos-x86_64, r-oldrel-windows-ix86+x86_64
Version: 1.1.3
Check: installed package size
Result: NOTE
installed size is 14.3Mb
sub-directories of 1Mb or more:
art_profiles 1.5Mb
libs 12.0Mb
Flavors: r-devel-linux-x86_64-fedora-clang, r-devel-windows-x86_64, r-release-macos-arm64, r-release-macos-x86_64, r-release-windows-x86_64, r-oldrel-macos-arm64, r-oldrel-macos-x86_64, r-oldrel-windows-ix86+x86_64