Last updated on 2025-01-26 04:49:22 CET.
Flavor | Version | Tinstall | Tcheck | Ttotal | Status | Flags |
---|---|---|---|---|---|---|
r-devel-linux-x86_64-debian-clang | 1.0 | 5.99 | 96.39 | 102.38 | NOTE | |
r-devel-linux-x86_64-debian-gcc | 1.0 | 3.58 | 67.09 | 70.67 | NOTE | |
r-devel-linux-x86_64-fedora-clang | 1.0 | 163.46 | OK | |||
r-devel-linux-x86_64-fedora-gcc | 1.0 | 179.64 | NOTE | |||
r-devel-windows-x86_64 | 1.0 | 8.00 | 128.00 | 136.00 | OK | |
r-patched-linux-x86_64 | 1.0 | 6.25 | 92.04 | 98.29 | OK | |
r-release-linux-x86_64 | 1.0 | 4.99 | 92.31 | 97.30 | OK | |
r-release-macos-arm64 | 1.0 | 61.00 | OK | |||
r-release-macos-x86_64 | 1.0 | 102.00 | OK | |||
r-release-windows-x86_64 | 1.0 | 7.00 | 126.00 | 133.00 | OK | |
r-oldrel-macos-arm64 | 1.0 | 63.00 | OK | |||
r-oldrel-macos-x86_64 | 1.0 | 185.00 | OK | |||
r-oldrel-windows-x86_64 | 1.0 | 8.00 | 164.00 | 172.00 | OK |
Version: 1.0
Check: DESCRIPTION meta-information
Result: NOTE
Missing dependency on R >= 4.1.0 because package code uses the pipe
|> or function shorthand \(...) syntax added in R 4.1.0.
File(s) using such syntax:
‘iRNGStream.R’
Flavors: r-devel-linux-x86_64-debian-clang, r-devel-linux-x86_64-debian-gcc, r-devel-linux-x86_64-fedora-gcc