Last updated on 2022-06-26 03:50:03 CEST.
Flavor | Version | Tinstall | Tcheck | Ttotal | Status | Flags |
---|---|---|---|---|---|---|
r-devel-linux-x86_64-debian-clang | 1.9.6 | 29.51 | 35.64 | 65.15 | OK | |
r-devel-linux-x86_64-debian-gcc | 1.9.6 | 20.94 | 27.90 | 48.84 | OK | |
r-devel-linux-x86_64-fedora-clang | 1.9.6 | 96.02 | NOTE | |||
r-devel-linux-x86_64-fedora-gcc | 1.9.6 | 86.70 | OK | |||
r-devel-windows-x86_64 | 1.9.6 | 30.00 | 91.00 | 121.00 | OK | |
r-patched-linux-x86_64 | 1.9.6 | 21.68 | 35.21 | 56.89 | OK | |
r-release-linux-x86_64 | 1.9.6 | 22.46 | 35.33 | 57.79 | OK | |
r-release-macos-arm64 | 1.9.6 | 31.00 | NOTE | |||
r-release-macos-x86_64 | 1.9.6 | 42.00 | NOTE | |||
r-release-windows-x86_64 | 1.9.6 | 32.00 | 89.00 | 121.00 | OK | |
r-oldrel-macos-arm64 | 1.9.6 | 30.00 | NOTE | |||
r-oldrel-macos-x86_64 | 1.9.6 | 41.00 | NOTE | |||
r-oldrel-windows-ix86+x86_64 | 1.9.6 | 58.00 | 84.00 | 142.00 | OK |
Version: 1.9.6
Check: installed package size
Result: NOTE
installed size is 6.1Mb
sub-directories of 1Mb or more:
libs 5.5Mb
Flavors: r-devel-linux-x86_64-fedora-clang, r-release-macos-arm64, r-release-macos-x86_64, r-oldrel-macos-arm64, r-oldrel-macos-x86_64