CRAN Package Check Results for Package ips

Last updated on 2022-09-28 15:49:56 CEST.

Flavor Version Tinstall Tcheck Ttotal Status Flags
r-devel-linux-x86_64-debian-clang 0.0.11 14.16 122.17 136.33 OK
r-devel-linux-x86_64-debian-gcc 0.0.11 12.94 91.79 104.73 OK
r-devel-linux-x86_64-fedora-clang 0.0.11 177.53 NOTE
r-devel-linux-x86_64-fedora-gcc 0.0.11 169.44 NOTE
r-devel-windows-x86_64 0.0.11 35.00 157.00 192.00 OK
r-patched-linux-x86_64 0.0.11 19.35 114.64 133.99 OK
r-release-linux-x86_64 0.0.11 15.26 112.79 128.05 OK
r-release-macos-arm64 0.0.11 41.00 NOTE
r-release-macos-x86_64 0.0.11 63.00 NOTE
r-release-windows-x86_64 0.0.11 36.00 152.00 188.00 OK
r-oldrel-macos-arm64 0.0.11 48.00 NOTE
r-oldrel-macos-x86_64 0.0.11 84.00 NOTE
r-oldrel-windows-ix86+x86_64 0.0.11 29.00 135.00 164.00 OK

Check Details

Version: 0.0.11
Check: dependencies in R code
Result: NOTE
    Namespace in Imports field not imported from: ‘seqinr’
     All declared Imports should be used.
Flavors: r-devel-linux-x86_64-fedora-clang, r-devel-linux-x86_64-fedora-gcc, r-release-macos-arm64, r-release-macos-x86_64, r-oldrel-macos-arm64, r-oldrel-macos-x86_64