Last updated on 2022-05-26 03:53:11 CEST.
Flavor | Version | Tinstall | Tcheck | Ttotal | Status | Flags |
---|---|---|---|---|---|---|
r-devel-linux-x86_64-debian-clang | 1.0.2 | 6.22 | 225.44 | 231.66 | NOTE | |
r-devel-linux-x86_64-debian-gcc | 1.0.2 | 5.27 | 166.75 | 172.02 | NOTE | |
r-devel-linux-x86_64-fedora-clang | 1.0.2 | 259.26 | NOTE | |||
r-devel-linux-x86_64-fedora-gcc | 1.0.2 | 262.07 | NOTE | |||
r-devel-windows-x86_64 | 1.0.2 | 18.00 | 240.00 | 258.00 | NOTE | |
r-patched-linux-x86_64 | 1.0.2 | 5.72 | 212.10 | 217.82 | NOTE | |
r-release-linux-x86_64 | 1.0.2 | NOTE | ||||
r-release-macos-arm64 | 1.0.2 | 57.00 | NOTE | |||
r-release-macos-x86_64 | 1.0.2 | 146.00 | NOTE | |||
r-release-windows-x86_64 | 1.0.2 | 17.00 | 238.00 | 255.00 | NOTE | |
r-oldrel-macos-arm64 | 1.0.2 | 87.00 | NOTE | |||
r-oldrel-macos-x86_64 | 1.0.2 | 107.00 | NOTE | |||
r-oldrel-windows-ix86+x86_64 | 1.0.2 | 16.00 | 251.00 | 267.00 | NOTE |
Version: 1.0.2
Check: LazyData
Result: NOTE
'LazyData' is specified without a 'data' directory
Flavors: r-devel-linux-x86_64-debian-clang, r-devel-linux-x86_64-debian-gcc, r-devel-linux-x86_64-fedora-clang, r-devel-linux-x86_64-fedora-gcc, r-devel-windows-x86_64, r-patched-linux-x86_64, r-release-linux-x86_64, r-release-macos-arm64, r-release-macos-x86_64, r-release-windows-x86_64, r-oldrel-macos-arm64, r-oldrel-macos-x86_64, r-oldrel-windows-ix86+x86_64