CRAN Package Check Results for Package ipaddress

Last updated on 2022-09-26 03:56:09 CEST.

Flavor Version Tinstall Tcheck Ttotal Status Flags
r-devel-linux-x86_64-debian-clang 0.5.5 147.61 63.77 211.38 OK
r-devel-linux-x86_64-debian-gcc 0.5.5 125.05 47.62 172.67 OK
r-devel-linux-x86_64-fedora-clang 0.5.5 311.26 OK
r-devel-linux-x86_64-fedora-gcc 0.5.5 295.78 OK
r-devel-windows-x86_64 0.5.5 173.00 129.00 302.00 OK
r-patched-linux-x86_64 0.5.5 140.52 56.22 196.74 OK
r-release-linux-x86_64 0.5.5 116.02 58.91 174.93 OK
r-release-macos-arm64 0.5.5 82.00 NOTE
r-release-macos-x86_64 0.5.5 112.00 NOTE
r-release-windows-x86_64 0.5.5 156.00 119.00 275.00 OK
r-oldrel-macos-arm64 0.5.5 70.00 NOTE
r-oldrel-macos-x86_64 0.5.5 108.00 NOTE
r-oldrel-windows-ix86+x86_64 0.5.5 366.00 144.00 510.00 OK

Check Details

Version: 0.5.5
Check: installed package size
Result: NOTE
     installed size is 7.2Mb
     sub-directories of 1Mb or more:
     libs 6.7Mb
Flavors: r-release-macos-arm64, r-release-macos-x86_64, r-oldrel-macos-arm64, r-oldrel-macos-x86_64