Last updated on 2022-06-29 15:49:56 CEST.
Flavor | Version | Tinstall | Tcheck | Ttotal | Status | Flags |
---|---|---|---|---|---|---|
r-devel-linux-x86_64-debian-clang | 0.3.0 | 2.08 | 36.75 | 38.83 | NOTE | |
r-devel-linux-x86_64-debian-gcc | 0.3.0 | 1.85 | 28.47 | 30.32 | NOTE | |
r-devel-linux-x86_64-fedora-clang | 0.3.0 | 59.10 | WARN | |||
r-devel-linux-x86_64-fedora-gcc | 0.3.0 | 57.71 | WARN | |||
r-devel-windows-x86_64 | 0.3.0 | 10.00 | 65.00 | 75.00 | NOTE | |
r-patched-linux-x86_64 | 0.3.0 | 3.20 | 36.24 | 39.44 | NOTE | |
r-release-linux-x86_64 | 0.3.0 | 2.99 | 36.40 | 39.39 | NOTE | |
r-release-macos-arm64 | 0.3.0 | 19.00 | NOTE | |||
r-release-macos-x86_64 | 0.3.0 | 26.00 | NOTE | |||
r-release-windows-x86_64 | 0.3.0 | 9.00 | 61.00 | 70.00 | NOTE | |
r-oldrel-macos-arm64 | 0.3.0 | 26.00 | NOTE | |||
r-oldrel-macos-x86_64 | 0.3.0 | 34.00 | NOTE | |||
r-oldrel-windows-ix86+x86_64 | 0.3.0 | 7.00 | 55.00 | 62.00 | NOTE |
Version: 0.3.0
Check: LazyData
Result: NOTE
'LazyData' is specified without a 'data' directory
Flavors: r-devel-linux-x86_64-debian-clang, r-devel-linux-x86_64-debian-gcc, r-devel-linux-x86_64-fedora-clang, r-devel-linux-x86_64-fedora-gcc, r-devel-windows-x86_64, r-patched-linux-x86_64, r-release-linux-x86_64, r-release-macos-arm64, r-release-macos-x86_64, r-release-windows-x86_64, r-oldrel-macos-arm64, r-oldrel-macos-x86_64, r-oldrel-windows-ix86+x86_64
Version: 0.3.0
Check: package dependencies
Result: WARN
Requires (indirectly) orphaned package: ‘gtools’
Flavors: r-devel-linux-x86_64-fedora-clang, r-devel-linux-x86_64-fedora-gcc