CRAN Package Check Results for Package invacost

Last updated on 2022-05-25 04:55:28 CEST.

Flavor Version Tinstall Tcheck Ttotal Status Flags
r-devel-linux-x86_64-debian-clang 1.1-4 8.70 88.27 96.97 OK
r-devel-linux-x86_64-debian-gcc 1.1-4 7.01 67.56 74.57 OK
r-devel-linux-x86_64-fedora-clang 1.1-4 123.42 NOTE
r-devel-linux-x86_64-fedora-gcc 1.1-4 101.25 NOTE
r-devel-windows-x86_64 1.1-4 19.00 117.00 136.00 OK
r-patched-linux-x86_64 1.1-4 6.24 84.49 90.73 OK
r-release-linux-x86_64 1.1-4 OK
r-release-macos-arm64 1.1-4 34.00 NOTE
r-release-macos-x86_64 1.1-4 63.00 NOTE
r-release-windows-x86_64 1.1-4 19.00 106.00 125.00 OK
r-oldrel-macos-arm64 1.1-4 31.00 NOTE
r-oldrel-macos-x86_64 1.1-4 44.00 NOTE
r-oldrel-windows-ix86+x86_64 1.1-4 19.00 99.00 118.00 OK

Check Details

Version: 1.1-4
Check: data for non-ASCII characters
Result: NOTE
     Note: found 12106 marked UTF-8 strings
Flavors: r-devel-linux-x86_64-fedora-clang, r-devel-linux-x86_64-fedora-gcc, r-release-macos-arm64, r-release-macos-x86_64, r-oldrel-macos-arm64, r-oldrel-macos-x86_64