CRAN Package Check Results for Package intkrige

Last updated on 2022-06-30 03:53:25 CEST.

Flavor Version Tinstall Tcheck Ttotal Status Flags
r-devel-linux-x86_64-debian-clang 1.0.1 89.10 412.11 501.21 OK
r-devel-linux-x86_64-debian-gcc 1.0.1 69.99 314.51 384.50 OK
r-devel-linux-x86_64-fedora-clang 1.0.1 612.42 OK
r-devel-linux-x86_64-fedora-gcc 1.0.1 607.36 OK
r-devel-windows-x86_64 1.0.1 99.00 447.00 546.00 OK
r-patched-linux-x86_64 1.0.1 64.48 403.11 467.59 OK
r-release-linux-x86_64 1.0.1 75.84 406.41 482.25 OK
r-release-macos-arm64 1.0.1 152.00 OK
r-release-macos-x86_64 1.0.1 255.00 OK
r-release-windows-x86_64 1.0.1 104.00 440.00 544.00 OK
r-oldrel-macos-arm64 1.0.1 143.00 NOTE
r-oldrel-macos-x86_64 1.0.1 303.00 OK
r-oldrel-windows-ix86+x86_64 1.0.1 186.00 568.00 754.00 OK

Check Details

Version: 1.0.1
Check: installed package size
Result: NOTE
     installed size is 5.2Mb
     sub-directories of 1Mb or more:
     libs 4.4Mb
Flavor: r-oldrel-macos-arm64