Last updated on 2022-05-19 04:51:06 CEST.
Flavor | Version | Tinstall | Tcheck | Ttotal | Status | Flags |
---|---|---|---|---|---|---|
r-devel-linux-x86_64-debian-clang | 0.2.3 | 18.21 | 165.27 | 183.48 | NOTE | |
r-devel-linux-x86_64-debian-gcc | 0.2.3 | 14.12 | 118.92 | 133.04 | NOTE | |
r-devel-linux-x86_64-fedora-clang | 0.2.3 | 210.92 | NOTE | |||
r-devel-linux-x86_64-fedora-gcc | 0.2.3 | 206.23 | NOTE | |||
r-devel-windows-x86_64 | 0.2.3 | 22.00 | 167.00 | 189.00 | NOTE | |
r-patched-linux-x86_64 | 0.2.3 | 15.92 | 149.53 | 165.45 | NOTE | |
r-release-linux-x86_64 | 0.2.3 | 18.00 | 151.28 | 169.28 | NOTE | |
r-release-macos-arm64 | 0.2.3 | 62.00 | NOTE | |||
r-release-macos-x86_64 | 0.2.3 | 93.00 | NOTE | |||
r-release-windows-x86_64 | 0.2.3 | 26.00 | 168.00 | 194.00 | NOTE | |
r-oldrel-macos-arm64 | 0.2.3 | 81.00 | NOTE | |||
r-oldrel-macos-x86_64 | 0.2.3 | 132.00 | NOTE | |||
r-oldrel-windows-ix86+x86_64 | 0.2.3 | 36.00 | 170.00 | 206.00 | NOTE |
Version: 0.2.3
Check: LazyData
Result: NOTE
'LazyData' is specified without a 'data' directory
Flavors: r-devel-linux-x86_64-debian-clang, r-devel-linux-x86_64-debian-gcc, r-devel-linux-x86_64-fedora-clang, r-devel-linux-x86_64-fedora-gcc, r-devel-windows-x86_64, r-patched-linux-x86_64, r-release-linux-x86_64, r-release-macos-arm64, r-release-macos-x86_64, r-release-windows-x86_64, r-oldrel-macos-arm64, r-oldrel-macos-x86_64, r-oldrel-windows-ix86+x86_64