CRAN Package Check Results for Package intensegRid

Last updated on 2022-06-28 03:51:34 CEST.

Flavor Version Tinstall Tcheck Ttotal Status Flags
r-devel-linux-x86_64-debian-clang 0.1.1 3.53 43.22 46.75 OK
r-devel-linux-x86_64-debian-gcc 0.1.1 2.57 33.21 35.78 OK
r-devel-linux-x86_64-fedora-clang 0.1.1 66.31 NOTE
r-devel-linux-x86_64-fedora-gcc 0.1.1 64.70 NOTE
r-devel-windows-x86_64 0.1.1 31.00 77.00 108.00 OK
r-patched-linux-x86_64 0.1.1 2.19 41.84 44.03 OK
r-release-linux-x86_64 0.1.1 2.88 41.59 44.47 OK
r-release-macos-arm64 0.1.1 28.00 NOTE
r-release-macos-x86_64 0.1.1 49.00 NOTE
r-release-windows-x86_64 0.1.1 32.00 77.00 109.00 OK
r-oldrel-macos-arm64 0.1.1 34.00 NOTE
r-oldrel-macos-x86_64 0.1.1 39.00 NOTE
r-oldrel-windows-ix86+x86_64 0.1.1 8.00 70.00 78.00 OK

Check Details

Version: 0.1.1
Check: dependencies in R code
Result: NOTE
    Namespace in Imports field not imported from: ‘purrr’
     All declared Imports should be used.
Flavors: r-devel-linux-x86_64-fedora-clang, r-devel-linux-x86_64-fedora-gcc, r-release-macos-arm64, r-release-macos-x86_64, r-oldrel-macos-arm64, r-oldrel-macos-x86_64