Last updated on 2023-12-07 04:01:56 CET.
Flavor | Version | Tinstall | Tcheck | Ttotal | Status | Flags |
---|---|---|---|---|---|---|
r-devel-linux-x86_64-debian-clang | 0.7.2 | 20.37 | 177.15 | 197.52 | NOTE | |
r-devel-linux-x86_64-debian-gcc | 0.7.2 | 15.16 | 130.13 | 145.29 | NOTE | |
r-devel-linux-x86_64-fedora-clang | 0.7.2 | 237.35 | OK | |||
r-devel-linux-x86_64-fedora-gcc | 0.7.2 | 238.52 | OK | |||
r-devel-windows-x86_64 | 0.7.2 | 17.00 | 150.00 | 167.00 | OK | |
r-patched-linux-x86_64 | 0.7.2 | 14.12 | 165.34 | 179.46 | OK | |
r-release-linux-x86_64 | 0.7.2 | 14.75 | 164.91 | 179.66 | OK | |
r-release-macos-arm64 | 0.7.2 | 71.00 | OK | |||
r-release-macos-x86_64 | 0.7.2 | 119.00 | OK | |||
r-release-windows-x86_64 | 0.7.2 | 23.00 | 179.00 | 202.00 | OK | |
r-oldrel-macos-arm64 | 0.7.2 | 69.00 | OK | |||
r-oldrel-macos-x86_64 | 0.7.2 | 95.00 | OK | |||
r-oldrel-windows-x86_64 | 0.7.2 | 23.00 | 185.00 | 208.00 | OK |
Version: 0.7.2
Check: Rd files
Result: NOTE
checkRd: (-1) model_performance.Rd:21: Lost braces in \itemize; meant \describe ?
checkRd: (-1) model_performance.Rd:22: Lost braces in \itemize; meant \describe ?
checkRd: (-1) model_performance.Rd:23: Lost braces in \itemize; meant \describe ?
Flavors: r-devel-linux-x86_64-debian-clang, r-devel-linux-x86_64-debian-gcc