CRAN Package Check Results for Package inpdfr

Last updated on 2022-05-19 15:53:20 CEST.

Flavor Version Tinstall Tcheck Ttotal Status Flags
r-devel-linux-x86_64-debian-clang 0.1.11 7.89 78.95 86.84 OK
r-devel-linux-x86_64-debian-gcc 0.1.11 6.31 59.01 65.32 OK
r-devel-linux-x86_64-fedora-clang 0.1.11 99.37 NOTE
r-devel-linux-x86_64-fedora-gcc 0.1.11 99.37 NOTE
r-devel-windows-x86_64 0.1.11 22.00 107.00 129.00 OK
r-patched-linux-x86_64 0.1.11 6.01 73.97 79.98 OK
r-release-linux-x86_64 0.1.11 6.72 74.12 80.84 OK
r-release-macos-arm64 0.1.11 33.00 NOTE
r-release-macos-x86_64 0.1.11 54.00 NOTE
r-release-windows-x86_64 0.1.11 25.00 105.00 130.00 OK
r-oldrel-macos-arm64 0.1.11 41.00 NOTE
r-oldrel-macos-x86_64 0.1.11 54.00 NOTE
r-oldrel-windows-ix86+x86_64 0.1.11 19.00 96.00 115.00 OK

Check Details

Version: 0.1.11
Check: dependencies in R code
Result: NOTE
    Namespace in Imports field not imported from: ‘ca’
     All declared Imports should be used.
Flavors: r-devel-linux-x86_64-fedora-clang, r-devel-linux-x86_64-fedora-gcc, r-release-macos-arm64, r-release-macos-x86_64, r-oldrel-macos-arm64, r-oldrel-macos-x86_64