Last updated on 2022-06-27 03:51:15 CEST.
Flavor | Version | Tinstall | Tcheck | Ttotal | Status | Flags |
---|---|---|---|---|---|---|
r-devel-linux-x86_64-debian-clang | 1.0 | 62.17 | 84.49 | 146.66 | OK | |
r-devel-linux-x86_64-debian-gcc | 1.0 | 49.39 | 61.51 | 110.90 | OK | |
r-devel-linux-x86_64-fedora-clang | 1.0 | 204.68 | OK | |||
r-devel-linux-x86_64-fedora-gcc | 1.0 | 194.32 | OK | |||
r-devel-windows-x86_64 | 1.0 | 80.00 | 126.00 | 206.00 | OK | |
r-patched-linux-x86_64 | 1.0 | 56.23 | 79.19 | 135.42 | OK | |
r-release-linux-x86_64 | 1.0 | 58.35 | 79.94 | 138.29 | OK | |
r-release-macos-arm64 | 1.0 | 48.00 | NOTE | |||
r-release-macos-x86_64 | 1.0 | 85.00 | OK | |||
r-release-windows-x86_64 | 1.0 | 72.00 | 128.00 | 200.00 | OK | |
r-oldrel-macos-arm64 | 1.0 | 62.00 | NOTE | |||
r-oldrel-macos-x86_64 | 1.0 | 77.00 | NOTE | |||
r-oldrel-windows-ix86+x86_64 | 1.0 | 152.00 | 160.00 | 312.00 | OK |
Version: 1.0
Check: installed package size
Result: NOTE
installed size is 5.2Mb
sub-directories of 1Mb or more:
libs 5.1Mb
Flavors: r-release-macos-arm64, r-oldrel-macos-arm64, r-oldrel-macos-x86_64