CRAN Package Check Results for Package industRial

Last updated on 2022-05-27 15:51:42 CEST.

Flavor Version Tinstall Tcheck Ttotal Status Flags
r-devel-linux-x86_64-debian-clang 0.1.0 6.60 70.37 76.97 OK
r-devel-linux-x86_64-debian-gcc 0.1.0 4.82 52.45 57.27 OK
r-devel-linux-x86_64-fedora-clang 0.1.0 92.10 NOTE
r-devel-linux-x86_64-fedora-gcc 0.1.0 88.27 NOTE
r-devel-windows-x86_64 0.1.0 36.00 93.00 129.00 OK
r-patched-linux-x86_64 0.1.0 6.99 64.86 71.85 OK
r-release-linux-x86_64 0.1.0 5.52 64.42 69.94 OK
r-release-macos-arm64 0.1.0 26.00 NOTE
r-release-macos-x86_64 0.1.0 47.00 NOTE
r-release-windows-x86_64 0.1.0 64.00 89.00 153.00 OK
r-oldrel-macos-arm64 0.1.0 30.00 NOTE
r-oldrel-macos-x86_64 0.1.0 37.00 NOTE
r-oldrel-windows-ix86+x86_64 0.1.0 18.00 85.00 103.00 OK

Check Details

Version: 0.1.0
Check: data for non-ASCII characters
Result: NOTE
     Note: found 2 marked UTF-8 strings
Flavors: r-devel-linux-x86_64-fedora-clang, r-devel-linux-x86_64-fedora-gcc, r-release-macos-arm64, r-release-macos-x86_64, r-oldrel-macos-arm64, r-oldrel-macos-x86_64