CRAN Package Check Results for Package incidental

Last updated on 2024-04-19 15:56:49 CEST.

Flavor Version Tinstall Tcheck Ttotal Status Flags
r-devel-linux-x86_64-debian-clang 0.1 6.70 88.98 95.68 NOTE
r-devel-linux-x86_64-debian-gcc 0.1 NOTE
r-devel-linux-x86_64-fedora-clang 0.1 123.36 NOTE
r-devel-linux-x86_64-fedora-gcc 0.1 128.73 NOTE
r-prerel-macos-arm64 0.1 43.00 NOTE
r-prerel-windows-x86_64 0.1 9.00 82.00 91.00 NOTE
r-patched-linux-x86_64 0.1 8.57 84.15 92.72 NOTE
r-release-linux-x86_64 0.1 8.25 85.38 93.63 OK
r-release-macos-arm64 0.1 45.00 OK
r-release-macos-x86_64 0.1 74.00 OK
r-release-windows-x86_64 0.1 10.00 99.00 109.00 OK
r-oldrel-macos-arm64 0.1 38.00 OK
r-oldrel-windows-x86_64 0.1 11.00 97.00 108.00 OK

Check Details

Version: 0.1
Check: Rd files
Result: NOTE checkRd: (-1) make_likelihood_matrix.Rd:16: Lost braces; missing escapes or markup? 16 | This function creates a matrix such that P[t, s] = P(C = t | I = s) = theta_{t-s} for s <= t and 0 otherwise. | ^ Flavors: r-devel-linux-x86_64-debian-clang, r-devel-linux-x86_64-debian-gcc, r-devel-linux-x86_64-fedora-clang, r-devel-linux-x86_64-fedora-gcc, r-prerel-macos-arm64, r-prerel-windows-x86_64, r-patched-linux-x86_64