Last updated on 2022-06-27 15:53:45 CEST.
Flavor | Version | Tinstall | Tcheck | Ttotal | Status | Flags |
---|---|---|---|---|---|---|
r-devel-linux-x86_64-debian-clang | 1.1.0 | 3.56 | 44.65 | 48.21 | OK | |
r-devel-linux-x86_64-debian-gcc | 1.1.0 | 2.62 | 33.56 | 36.18 | OK | |
r-devel-linux-x86_64-fedora-clang | 1.1.0 | 66.93 | NOTE | |||
r-devel-linux-x86_64-fedora-gcc | 1.1.0 | 65.60 | NOTE | |||
r-devel-windows-x86_64 | 1.1.0 | 17.00 | 79.00 | 96.00 | OK | |
r-patched-linux-x86_64 | 1.1.0 | 7.35 | 42.40 | 49.75 | OK | |
r-release-linux-x86_64 | 1.1.0 | 2.96 | 42.67 | 45.63 | OK | |
r-release-macos-arm64 | 1.1.0 | 25.00 | NOTE | |||
r-release-macos-x86_64 | 1.1.0 | 39.00 | NOTE | |||
r-release-windows-x86_64 | 1.1.0 | 19.00 | 78.00 | 97.00 | OK | |
r-oldrel-macos-arm64 | 1.1.0 | 32.00 | NOTE | |||
r-oldrel-macos-x86_64 | 1.1.0 | 36.00 | NOTE | |||
r-oldrel-windows-ix86+x86_64 | 1.1.0 | 8.00 | 67.00 | 75.00 | OK |
Version: 1.1.0
Check: dependencies in R code
Result: NOTE
Namespaces in Imports field not imported from:
‘dplyr’ ‘rgeos’
All declared Imports should be used.
Flavors: r-devel-linux-x86_64-fedora-clang, r-devel-linux-x86_64-fedora-gcc, r-release-macos-arm64, r-release-macos-x86_64, r-oldrel-macos-arm64, r-oldrel-macos-x86_64