Last updated on 2022-05-27 04:56:40 CEST.
Flavor | Version | Tinstall | Tcheck | Ttotal | Status | Flags |
---|---|---|---|---|---|---|
r-devel-linux-x86_64-debian-clang | 3.2 | 36.48 | 199.81 | 236.29 | OK | |
r-devel-linux-x86_64-debian-gcc | 3.2 | 27.69 | 144.51 | 172.20 | OK | |
r-devel-linux-x86_64-fedora-clang | 3.2 | 293.16 | OK | |||
r-devel-linux-x86_64-fedora-gcc | 3.2 | 287.73 | OK | |||
r-devel-windows-x86_64 | 3.2 | 79.00 | 263.00 | 342.00 | OK | |
r-patched-linux-x86_64 | 3.2 | 31.16 | 194.00 | 225.16 | OK | |
r-release-linux-x86_64 | 3.2 | 30.04 | 193.98 | 224.02 | OK | |
r-release-macos-arm64 | 3.2 | 80.00 | OK | |||
r-release-macos-x86_64 | 3.2 | 105.00 | OK | |||
r-release-windows-x86_64 | 3.2 | 89.00 | 265.00 | 354.00 | OK | |
r-oldrel-macos-arm64 | 3.2 | 118.00 | OK | |||
r-oldrel-macos-x86_64 | 3.2 | 162.00 | OK | |||
r-oldrel-windows-ix86+x86_64 | 3.2 | 89.00 | 387.00 | 476.00 | NOTE |
Version: 3.2
Check: installed package size
Result: NOTE
installed size is 5.1Mb
sub-directories of 1Mb or more:
data 1.3Mb
doc 1.1Mb
libs 2.1Mb
Flavor: r-oldrel-windows-ix86+x86_64