CRAN Package Check Results for Package impactr

Last updated on 2022-07-01 15:51:20 CEST.

Flavor Version Tinstall Tcheck Ttotal Status Flags
r-devel-linux-x86_64-debian-clang 0.4.0 30.27 67.67 97.94 NOTE
r-devel-linux-x86_64-debian-gcc 0.4.0 21.30 50.46 71.76 NOTE
r-devel-linux-x86_64-fedora-clang 0.4.0 138.47 NOTE
r-devel-linux-x86_64-fedora-gcc 0.4.0 135.45 NOTE
r-devel-windows-x86_64 0.4.0 38.00 116.00 154.00 NOTE
r-patched-linux-x86_64 0.4.0 18.22 63.87 82.09 NOTE
r-release-linux-x86_64 0.4.0 26.70 63.07 89.77 NOTE
r-release-macos-arm64 0.4.0 35.00 NOTE
r-release-macos-x86_64 0.4.0 60.00 NOTE
r-release-windows-x86_64 0.4.0 44.00 120.00 164.00 NOTE
r-oldrel-macos-arm64 0.4.0 34.00 NOTE
r-oldrel-macos-x86_64 0.4.0 45.00 NOTE
r-oldrel-windows-ix86+x86_64 0.4.0 79.00 130.00 209.00 NOTE

Check Details

Version: 0.4.0
Check: package dependencies
Result: NOTE
    Package suggested but not available for checking: 'accdata'
Flavors: r-devel-linux-x86_64-debian-clang, r-devel-linux-x86_64-debian-gcc, r-devel-linux-x86_64-fedora-clang, r-devel-linux-x86_64-fedora-gcc, r-devel-windows-x86_64, r-patched-linux-x86_64, r-release-linux-x86_64, r-release-macos-arm64, r-release-macos-x86_64, r-release-windows-x86_64, r-oldrel-macos-arm64, r-oldrel-macos-x86_64, r-oldrel-windows-ix86+x86_64