CRAN Package Check Results for Package immuneSIM

Last updated on 2022-06-26 03:50:03 CEST.

Flavor Version Tinstall Tcheck Ttotal Status Flags
r-devel-linux-x86_64-debian-clang 0.8.7 49.54 219.19 268.73 NOTE
r-devel-linux-x86_64-debian-gcc 0.8.7 42.51 161.82 204.33 NOTE
r-devel-linux-x86_64-fedora-clang 0.8.7 337.12 NOTE
r-devel-linux-x86_64-fedora-gcc 0.8.7 333.27 NOTE
r-devel-windows-x86_64 0.8.7 69.00 219.00 288.00 NOTE
r-patched-linux-x86_64 0.8.7 47.97 208.61 256.58 NOTE
r-release-linux-x86_64 0.8.7 48.81 206.74 255.55 NOTE
r-release-macos-arm64 0.8.7 105.00 NOTE
r-release-macos-x86_64 0.8.7 179.00 NOTE
r-release-windows-x86_64 0.8.7 72.00 222.00 294.00 NOTE
r-oldrel-macos-arm64 0.8.7 112.00 NOTE
r-oldrel-macos-x86_64 0.8.7 193.00 NOTE
r-oldrel-windows-ix86+x86_64 0.8.7 92.00 216.00 308.00 NOTE

Check Details

Version: 0.8.7
Check: LazyData
Result: NOTE
     'LazyData' is specified without a 'data' directory
Flavors: r-devel-linux-x86_64-debian-clang, r-devel-linux-x86_64-debian-gcc, r-devel-linux-x86_64-fedora-clang, r-devel-linux-x86_64-fedora-gcc, r-devel-windows-x86_64, r-patched-linux-x86_64, r-release-linux-x86_64, r-release-macos-arm64, r-release-macos-x86_64, r-release-windows-x86_64, r-oldrel-macos-arm64, r-oldrel-macos-x86_64, r-oldrel-windows-ix86+x86_64

Version: 0.8.7
Check: installed package size
Result: NOTE
     installed size is 5.2Mb
     sub-directories of 1Mb or more:
     R 5.1Mb
Flavors: r-release-macos-arm64, r-oldrel-macos-arm64