Last updated on 2023-09-30 04:15:23 CEST.
Flavor | Version | Tinstall | Tcheck | Ttotal | Status | Flags |
---|---|---|---|---|---|---|
r-devel-linux-x86_64-debian-clang | 0.9.0 | 76.05 | 440.42 | 516.47 | OK | |
r-devel-linux-x86_64-debian-gcc | 0.9.0 | 57.66 | 326.00 | 383.66 | OK | |
r-devel-linux-x86_64-fedora-clang | 0.9.0 | 599.91 | NOTE | |||
r-devel-linux-x86_64-fedora-gcc | 0.9.0 | 651.28 | OK | |||
r-devel-windows-x86_64 | 0.9.0 | 66.00 | 330.00 | 396.00 | NOTE | |
r-patched-linux-x86_64 | 0.9.0 | 78.58 | 410.77 | 489.35 | OK | |
r-release-linux-x86_64 | 0.9.0 | 69.10 | 419.54 | 488.64 | OK | |
r-release-macos-arm64 | 0.9.0 | 192.00 | NOTE | |||
r-release-macos-x86_64 | 0.9.0 | 214.00 | NOTE | |||
r-release-windows-x86_64 | 0.9.0 | 293.00 | 442.00 | 735.00 | NOTE | |
r-oldrel-macos-arm64 | 0.9.0 | 172.00 | NOTE | |||
r-oldrel-macos-x86_64 | 0.9.0 | 209.00 | NOTE | |||
r-oldrel-windows-x86_64 | 0.9.0 | 86.00 | 428.00 | 514.00 | NOTE |
Version: 0.9.0
Check: package dependencies
Result: NOTE
Imports includes 38 non-default packages.
Importing from so many packages makes the package vulnerable to any of
them becoming unavailable. Move as many as possible to Suggests and
use conditionally.
Flavor: r-devel-linux-x86_64-fedora-clang
Version: 0.9.0
Check: installed package size
Result: NOTE
installed size is 6.6Mb
sub-directories of 1Mb or more:
data 3.3Mb
doc 1.6Mb
Flavors: r-devel-linux-x86_64-fedora-clang, r-devel-windows-x86_64, r-release-macos-arm64, r-release-macos-x86_64, r-release-windows-x86_64, r-oldrel-macos-arm64, r-oldrel-macos-x86_64, r-oldrel-windows-x86_64