Last updated on 2025-01-26 04:49:21 CET.
Flavor | Version | Tinstall | Tcheck | Ttotal | Status | Flags |
---|---|---|---|---|---|---|
r-devel-linux-x86_64-debian-clang | 1.0.2 | 55.85 | 128.39 | 184.24 | NOTE | |
r-devel-linux-x86_64-debian-gcc | 1.0.2 | 42.97 | 98.70 | 141.67 | NOTE | |
r-devel-linux-x86_64-fedora-clang | 1.0.2 | 309.87 | OK | |||
r-devel-linux-x86_64-fedora-gcc | 1.0.2 | 302.68 | NOTE | |||
r-devel-windows-x86_64 | 1.0.2 | 56.00 | 132.00 | 188.00 | OK | |
r-patched-linux-x86_64 | 1.0.2 | 55.21 | 120.14 | 175.35 | OK | |
r-release-linux-x86_64 | 1.0.2 | 54.45 | 117.87 | 172.32 | OK | |
r-release-macos-arm64 | 1.0.2 | 106.00 | NOTE | |||
r-release-macos-x86_64 | 1.0.2 | 260.00 | NOTE | |||
r-release-windows-x86_64 | 1.0.2 | 54.00 | 132.00 | 186.00 | NOTE | |
r-oldrel-macos-arm64 | 1.0.2 | 113.00 | NOTE | |||
r-oldrel-macos-x86_64 | 1.0.2 | 203.00 | NOTE | |||
r-oldrel-windows-x86_64 | 1.0.2 | 67.00 | 158.00 | 225.00 | NOTE |
Version: 1.0.2
Check: DESCRIPTION meta-information
Result: NOTE
Missing dependency on R >= 4.1.0 because package code uses the pipe
|> or function shorthand \(...) syntax added in R 4.1.0.
File(s) using such syntax:
‘impute_data.R’
Flavors: r-devel-linux-x86_64-debian-clang, r-devel-linux-x86_64-debian-gcc, r-devel-linux-x86_64-fedora-gcc
Version: 1.0.2
Check: installed package size
Result: NOTE
installed size is 7.0Mb
sub-directories of 1Mb or more:
R 6.4Mb
Flavors: r-release-macos-arm64, r-release-macos-x86_64, r-release-windows-x86_64, r-oldrel-macos-arm64, r-oldrel-macos-x86_64, r-oldrel-windows-x86_64