CRAN Package Check Results for Package imageseg

Last updated on 2025-01-25 15:49:13 CET.

Flavor Version Tinstall Tcheck Ttotal Status Flags
r-devel-linux-x86_64-debian-clang 0.5.0 10.34 96.67 107.01 NOTE
r-devel-linux-x86_64-debian-gcc 0.5.0 8.66 69.91 78.57 NOTE
r-devel-linux-x86_64-fedora-clang 0.5.0 175.88 NOTE
r-devel-linux-x86_64-fedora-gcc 0.5.0 170.01 NOTE
r-devel-windows-x86_64 0.5.0 11.00 105.00 116.00 NOTE
r-patched-linux-x86_64 0.5.0 10.22 88.75 98.97 NOTE
r-release-linux-x86_64 0.5.0 10.60 88.45 99.05 NOTE
r-release-macos-arm64 0.5.0 50.00 NOTE
r-release-macos-x86_64 0.5.0 79.00 NOTE
r-release-windows-x86_64 0.5.0 12.00 104.00 116.00 NOTE
r-oldrel-macos-arm64 0.5.0 59.00 OK
r-oldrel-macos-x86_64 0.5.0 92.00 OK
r-oldrel-windows-x86_64 0.5.0 13.00 119.00 132.00 OK

Check Details

Version: 0.5.0
Check: Rd files
Result: NOTE checkRd: (-1) imagesToKerasInput.Rd:23: Lost braces 23 | \item{grayscale}{logical. Defines color channels of images: 1 if code{TRUE}, 3 if \code{FALSE}.} | ^ Flavors: r-devel-linux-x86_64-debian-clang, r-devel-linux-x86_64-debian-gcc, r-devel-linux-x86_64-fedora-clang, r-devel-linux-x86_64-fedora-gcc, r-devel-windows-x86_64, r-patched-linux-x86_64, r-release-linux-x86_64, r-release-macos-arm64, r-release-macos-x86_64, r-release-windows-x86_64