Last updated on 2023-12-10 15:50:31 CET.
Flavor | Version | Tinstall | Tcheck | Ttotal | Status | Flags |
---|---|---|---|---|---|---|
r-devel-linux-x86_64-debian-clang | 0.1.1 | 74.86 | 31.23 | 106.09 | NOTE | |
r-devel-linux-x86_64-debian-gcc | 0.1.1 | 52.63 | 23.26 | 75.89 | NOTE | |
r-devel-linux-x86_64-fedora-clang | 0.1.1 | 146.09 | NOTE | |||
r-devel-linux-x86_64-fedora-gcc | 0.1.1 | 152.90 | OK | |||
r-devel-windows-x86_64 | 0.1.1 | 68.00 | 79.00 | 147.00 | NOTE | |
r-patched-linux-x86_64 | 0.1.1 | 63.10 | 29.74 | 92.84 | OK | |
r-release-linux-x86_64 | 0.1.1 | 66.55 | 29.64 | 96.19 | OK | |
r-release-macos-arm64 | 0.1.1 | 42.00 | NOTE | |||
r-release-macos-x86_64 | 0.1.1 | 66.00 | NOTE | |||
r-release-windows-x86_64 | 0.1.1 | 68.00 | 84.00 | 152.00 | NOTE | |
r-oldrel-macos-arm64 | 0.1.1 | 41.00 | NOTE | |||
r-oldrel-macos-x86_64 | 0.1.1 | 51.00 | NOTE | |||
r-oldrel-windows-x86_64 | 0.1.1 | 86.00 | 76.00 | 162.00 | NOTE |
Version: 0.1.1
Check: Rd files
Result: NOTE
checkRd: (-1) image_fhog.Rd:26: Lost braces in \itemize; \value handles \item{}{} directly
checkRd: (-1) image_fhog.Rd:27: Lost braces in \itemize; \value handles \item{}{} directly
checkRd: (-1) image_fhog.Rd:28: Lost braces in \itemize; \value handles \item{}{} directly
checkRd: (-1) image_fhog.Rd:29: Lost braces in \itemize; \value handles \item{}{} directly
checkRd: (-1) image_fhog.Rd:30: Lost braces in \itemize; \value handles \item{}{} directly
checkRd: (-1) image_fhog.Rd:31: Lost braces in \itemize; \value handles \item{}{} directly
checkRd: (-1) image_surf.Rd:19: Lost braces in \itemize; \value handles \item{}{} directly
checkRd: (-1) image_surf.Rd:20: Lost braces in \itemize; \value handles \item{}{} directly
checkRd: (-1) image_surf.Rd:21: Lost braces in \itemize; \value handles \item{}{} directly
checkRd: (-1) image_surf.Rd:22: Lost braces in \itemize; \value handles \item{}{} directly
checkRd: (-1) image_surf.Rd:23: Lost braces in \itemize; \value handles \item{}{} directly
checkRd: (-1) image_surf.Rd:24: Lost braces in \itemize; \value handles \item{}{} directly
checkRd: (-1) image_surf.Rd:25: Lost braces in \itemize; \value handles \item{}{} directly
checkRd: (-1) image_surf.Rd:26: Lost braces in \itemize; \value handles \item{}{} directly
Flavors: r-devel-linux-x86_64-debian-clang, r-devel-linux-x86_64-debian-gcc
Version: 0.1.1
Check: installed package size
Result: NOTE
installed size is 10.9Mb
sub-directories of 1Mb or more:
dlib-19.20 9.5Mb
Flavors: r-devel-linux-x86_64-fedora-clang, r-devel-windows-x86_64, r-release-macos-arm64, r-release-macos-x86_64, r-release-windows-x86_64, r-oldrel-macos-arm64, r-oldrel-macos-x86_64, r-oldrel-windows-x86_64